 factors of c(8).
2, 3
Let u = 8 + -4. Suppose -5*y + 5*s - 2*s + 121 = 0, 100 = u*y - 4*s. What are the prime factors of y?
23
Let y(w) = -w**3 - 3*w**2 + 3*w + 3. Let v be y(-4). Let x be v*-1 + (-2 - -3). What are the prime factors of 4/(3/x + 1)?
2
Suppose 0 = 3*v - 49 - 113. What are the prime factors of v?
2, 3
Let t = -81 + 159. What are the prime factors of t?
2, 3, 13
Suppose -2*m + 0*m + 5*i = 1, i = -3*m - 10. Suppose 2*t - 20 = -0*t. List the prime factors of t/6 - m/9.
2
Let v be (5 - 2) + (2 - 3). Suppose -13 = w - 0*w + 5*l, 3*l - v = -2*w. List the prime factors of w.
7
Let a be (5/4)/(3/60). Let v = -12 + a. What are the prime factors of v?
13
Let z = -26 - -56. Let i be (z/4)/((-3)/(-6)). Suppose i = 3*n - 2*n. List the prime factors of n.
3, 5
Let x(w) = -w - 2. Let t be x(-2). Suppose 0*s - s + 2*r + 38 = t, -5*s + 154 = -r. Suppose -3*j = 2*j - s. List the prime factors of j.
2, 3
Let z = 15 - 16. What are the prime factors of (35 - (z + -3))/1?
3, 13
Suppose -7*s + 101 = -6*s. List the prime factors of s.
101
Suppose -21 = -3*b + 69. What are the prime factors of b?
2, 3, 5
Suppose w + w = 12. What are the prime factors of (-158)/(-14) + w/(-21)?
11
Let a(s) = -5*s - 23. List the prime factors of a(-11).
2
Let n be 2 - 2 - (0 + 0). Suppose n = -r + 5*r + 12. Let j = r - -12. List the prime factors of j.
3
List the prime factors of (-250)/(-3)*1*3.
2, 5
Let c(s) = -s - 3. Let p be c(-7). Suppose 0*x + 5*x - 5*k - 70 = 0, p*x + 5*k - 20 = 0. What are the prime factors of (x - 2)*(-2)/(-4)?
2
What are the prime factors of -75*2*(-2)/4?
3, 5
Suppose 0 = 4*f - 56 - 60. Suppose c + f = 2*c. List the prime factors of c.
29
Suppose 7 = -d + 95. Suppose y = -3*y + d. What are the prime factors of y?
2, 11
Let n(o) = 40*o + 18. What are the prime factors of n(4)?
2, 89
Let n = 5 + -2. Let p = n + 2. List the prime factors of p.
5
Let w(r) = 17*r**2 - 3*r + 4. List the prime factors of w(-3).
2, 83
Suppose 11*o = 7*o + 228. What are the prime factors of o?
3, 19
Suppose -8*c = -27 - 53. List the prime factors of c.
2, 5
Suppose 0 = -2*m - 4*t + 20, -5*m + 0*m + 5*t = 10. Let q be (1 - m)*(0 - 10). Let k(v) = -v + 16. List the prime factors of k(q).
2, 3
Suppose 2*s = -26 + 62. Suppose 7*j - s = 4*j. What are the prime factors of j?
2, 3
What are the prime factors of 5/(-20)*-807 + 2/8?
2, 101
Let i(f) = f - 10. Let b be i(9). Let s be (-1)/(-2 - b)*4. Suppose 0 = 4*o - 5*y + 11 - 37, o + s*y = 17. What are the prime factors of o?
3
Let a be 0*-2*1/2. Suppose 5 = o - a*o. What are the prime factors of o?
5
What are the prime factors of ((-14)/(-4))/((-2)/(-20))?
5, 7
Suppose 2*x - 166 = 2*u, -33 = -x - u + 42. What are the prime factors of x?
79
Suppose 4*h - 4*g + 24 = -0*g, 2*g = -4*h - 12. Let v(k) = 4*k + 11. Let q(d) = -2*d - 5. Let y(c) = 7*q(c) + 3*v(c). What are the prime factors of y(h)?
2, 3
Suppose -3*b + 20 = b. Let j(a) = 11*a**2 + 16*a + 6. Let u(r) = 7*r**2 + 11*r + 4. Let h(o) = b*j(o) - 8*u(o). List the prime factors of h(-7).
5
Let m(u) = 2*u**3 - 7*u**2 - u - 4. List the prime factors of m(5).
2, 3, 11
Let h(p) = 28*p**2 + 3*p + 3. Let b(t) = -83*t**2 - 10*t - 10. Let g(y) = 2*b(y) + 7*h(y). What are the prime factors of g(-1)?
2, 3, 5
Let j = 77 + -38. What are the prime factors of j?
3, 13
Let d(f) = f**2 - f - 3. Let x be d(0). Let j be -3 - (x*4 + 1). Let q = j + 1. List the prime factors of q.
3
Suppose 0 = 3*c - m - 5, -3*c - c + m = -7. Suppose 0*v + c*v = 6. Suppose 0 = -v*p - 14 + 41. List the prime factors of p.
3
Suppose -15*k + 155 = -10*k. What are the prime factors of k?
31
Let f(j) = j**3 - 6*j**2 - 2*j - 2. Let b be f(7). Let y = 47 - b. What are the prime factors of y?
2, 7
Let u(z) = z**2 + 15*z + 19. Let w be u(-14). Let i(g) = -g**3 + 5*g**2 + g - 1. What are the prime factors of i(w)?
2
What are the prime factors of (-26)/(-91) - 159/(-7)?
23
Let v be -18 - (0 + (-1 - 0)). Let o = 6 - v. List the prime factors of o.
23
Let v(n) = -n**3 + 7*n**2 + n - 7. Let h be v(7). Suppose 0 = -c - p + 16 - h, -2*p - 34 = -4*c. List the prime factors of c/((-1)/(-1 - 0)).
11
Let r be (-2)/(-3)*(-2 + 23). Let k be (2/(-1))/((-6)/9). Let x = r - k. List the prime factors of x.
11
Suppose 15 + 15 = -3*j. Let g = 15 + j. List the prime factors of (-9)/15 - (-73)/g.
2, 7
Suppose 5*t = 4*t + 3*w + 25, 2*t = 2*w + 66. List the prime factors of t.
37
Let a = -88 - -254. List the prime factors of a.
2, 83
Suppose -7 = g - 31. Suppose -3*o + g = -5*o. Let v = -10 - o. List the prime factors of v.
2
Let u(m) = -m - 1. Let d(f) = 2*f**2 + 6*f + 4. Let j(t) = d(t) + 2*u(t). Let b be j(-2). What are the prime factors of (6 - b) + 0 - 1?
3
Suppose u - 2*u = -4. Suppose -2*x + 7*x = 20, u*x - 4 = 3*s. List the prime factors of s.
2
Let w = 185 - 35. List the prime factors of w.
2, 3, 5
Let r(t) = 2*t + 6. Let o be r(-6). Let f(z) = -5*z**2 - 3*z + 0 - z**2 - 13 + 4 - z**3. List the prime factors of f(o).
3
Suppose -m - 3*m = 24. Let h = 8 + m. Let c(v) = v**2 - 1. List the prime factors of c(h).
3
Suppose h = -24*h + 9650. List the prime factors of h.
2, 193
Let k be ((-2)/6)/((-2)/12). Let x(r) = 1 - 3 - r**k + 2*r**2 + 6*r. List the prime factors of x(-7).
5
Let a(j) = 133*j**3 - 2*j**2 + 1. List the prime factors of a(1).
2, 3, 11
Let u(y) = 3*y + 7. Let j be u(-9). Let q = j - -37. List the prime factors of q.
17
Suppose 0 = s - 4*s + 27. List the prime factors of (-53)/(-2) + s/6.
2, 7
Suppose -7 = -4*k - 3*m, 4*k - 9 = -m + 4. Suppose -3*j + 40 = -2*j. Suppose -o = k*o - j. List the prime factors of o.
2
Let d(j) = 2*j + 12. List the prime factors of d(13).
2, 19
Let n = 3 - 2. Let s = 1 + n. Suppose -5*t + 3*t + 4 = -3*a, -s*t + 14 = 2*a. List the prime factors of a.
2
Let j(f) = -f**3 - 2*f**2 + 5*f + 3. Suppose -2*p - 12 = 2*p - 4*b, 0 = -b - 1. List the prime factors of j(p).
3, 5
Let z = 31 - 19. Let v(q) = -q + 12. Let l be v(z). Suppose l = -5*j - 31 + 121. What are the prime factors of j?
2, 3
Let y = 158 + -86. What are the prime factors of y?
2, 3
Let r(b) = 2*b**2 - 6*b - 2. Let l be r(6). Let t = 74 - l. Suppose d + t = 5*d. List the prime factors of d.
2, 5
Let a(k) be the third derivative of -7*k**6/30 - k**5/30 - k**4/12 - k**3/6 + 6*k**2. List the prime factors of a(-1).
3
Let q(p) = -p**3 - 4*p**2 + 5*p + 6. Let y = -8 - -3. Let j be q(y). List the prime factors of 2/j - (-23)/3.
2
Let t = 210 - 144. Suppose 10 + t = 4*i. What are the prime factors of i?
19
Let x(i) = i**2 - 4*i. Let l be x(3). Let v = 0 - l. Suppose 40 - 4 = v*u. List the prime factors of u.
2, 3
Suppose -2*w - 4 = -2*j, j + 3 - 7 = 0. Suppose -w*x + 39 = x + 4*o, x - 4*o = 13. List the prime factors of x.
13
Let p(f) = 2*f + 2. Let r be p(-2). What are the prime factors of r/4*(-96)/4?
2, 3
Suppose 0*t = 4*t - 88. What are the prime factors of t?
2, 11
Let d(w) = w**3 - 8*w**2 + 11*w - 4. What are the prime factors of d(7)?
2, 3
Let r(l) = l**3 - 3*l**2 + 2*l - 2. Let f be r(2). Let m = f + 16. What are the prime factors of m?
2, 7
Suppose -36 + 12 = -4*f. What are the prime factors of 2 + 21 + f/2?
2, 13
Suppose -4*d + 76 + 12 = 0. List the prime factors of d.
2, 11
List the prime factors of (7 - (-651)/(-91)) + 3228/26.
2, 31
Let x(b) be the first derivative of 4*b**2 + 4*b + 2. List the prime factors of x(3).
2, 7
Suppose 2*g = 12 + 28. Let p = g + -14. What are the prime factors of (8 - -1)*4/p?
2, 3
Let n be -1 + 5/((-10)/(-8)). Suppose -4*d + 5*g + 32 = 0, -d - 5*g = n*d - 32. Let q = d - 3. What are the prime factors of q?
5
Suppose -i - 6 = -3*s + 67, 2*i = 2*s - 54. List the prime factors of s.
23
Suppose -6*q = -3*q - 24. Let f be 8*(2 + 1 + -1). Let k = f - q. List the prime factors of k.
2
Suppose -11 + 1 = -5*v. Suppose -2 = v*u - 30. List the prime factors of u.
2, 7
Let r = -22 - -356. List the prime factors of r.
2, 167
Let t(w) be the second derivative of -w**3/6 - 9*w**2/2 - 2*w. Let k be t(-7). Let q(b) = -b**3 + 2*b**2 + b - 2. What are the prime factors of q(k)?
2, 3
Let n(t) = t - 2. Let q be n(6). Suppose -q*u = -0*u - y - 25, -4*u - 3*y = -37. List the prime factors of u.
7
List the prime factors of (-5)/(-2) - 2 - 687/(-6).
5, 23
Let a(w) = -w**3 + 2*w + 120. List the prime factors of a(0).
2, 3, 5
Supp